, 853, 21143
What are the prime factors of 77364079?
13, 337, 17659
What are the prime factors of 702560914?
2, 11, 227, 140681
What are the prime factors of 132310577?
7, 18901511
List the prime factors of 2393240808.
2, 3, 7, 37, 385013
List the prime factors of 202151167.
202151167
List the prime factors of 47923195.
5, 9584639
List the prime factors of 309546962.
2, 1129, 137089
List the prime factors of 1021936618.
2, 139, 643, 5717
What are the prime factors of 167112942?
2, 3, 19, 37, 39619
List the prime factors of 441953735.
5, 113, 782219
List the prime factors of 281106592.
2, 13, 521, 1297
List the prime factors of 43617208.
2, 73, 74687
List the prime factors of 44752591.
13, 863, 3989
What are the prime factors of 92595109?
31, 2986939
List the prime factors of 21188628.
2, 3, 21799
List the prime factors of 561461309.
561461309
List the prime factors of 349872813.
3, 347, 112031
What are the prime factors of 32458141?
32458141
List the prime factors of 5180962624.
2, 103, 785947
What are the prime factors of 2512904917?
71, 79, 448013
What are the prime factors of 1545419786?
2, 101, 7650593
List the prime factors of 40362692.
2, 17, 691, 859
List the prime factors of 1324008730.
2, 5, 11, 19, 633497
What are the prime factors of 765705553?
765705553
What are the prime factors of 1052308306?
2, 7, 59, 1273981
What are the prime factors of 387880082?
2, 83, 401, 5827
What are the prime factors of 640763346?
2, 3, 106793891
What are the prime factors of 95612034?
2, 3, 7, 401, 811
What are the prime factors of 73806223?
73806223
What are the prime factors of 3935511?
3, 437279
What are the prime factors of 16880100?
2, 3, 5, 56267
What are the prime factors of 345084192?
2, 3, 399403
What are the prime factors of 10680269?
67, 159407
What are the prime factors of 1036694457?
3, 2753, 4649
What are the prime factors of 160868858?
2, 17, 19, 29, 31, 277
What are the prime factors of 25259135?
5, 11, 459257
List the prime factors of 819116090.
2, 5, 13, 547, 11519
What are the prime factors of 3197971295?
5, 103, 433, 14341
What are the prime factors of 47576332?
2, 11894083
List the prime factors of 216509833.
23, 431, 21841
List the prime factors of 2244165425.
5, 139, 645803
What are the prime factors of 553803875?
5, 4430431
What are the prime factors of 417969247?
139, 3006973
What are the prime factors of 1087697370?
2, 3, 5, 19, 23, 163, 509
What are the prime factors of 144439354?
2, 31, 2329667
List the prime factors of 961516697.
677, 1420261
What are the prime factors of 26652338?
2, 13326169
What are the prime factors of 272757388?
2, 19, 3588913
What are the prime factors of 543228612?
2, 3, 1583, 28597
List the prime factors of 42151406.
2, 11, 1051, 1823
List the prime factors of 42702716.
2, 7, 223, 977
What are the prime factors of 2712512240?
2, 5, 43, 788521
What are the prime factors of 63506411?
271, 234341
What are the prime factors of 166790406?
2, 3, 27798401
What are the prime factors of 294607015?
5, 163, 361481
What are the prime factors of 11173103?
11173103
What are the prime factors of 59432295?
3, 5, 13, 304781
List the prime factors of 127664938.
2, 1973, 32353
What are the prime factors of 569295818?
2, 7, 13, 283, 1579
What are the prime factors of 203087812?
2, 29, 1123, 1559
What are the prime factors of 1347730239?
3, 31, 137, 139, 761
What are the prime factors of 194330195?
5, 19, 47, 71, 613
List the prime factors of 41676753.
3, 13892251
List the prime factors of 5965948808.
2, 71, 263, 39937
What are the prime factors of 1455572483?
89, 16354747
What are the prime factors of 31554425?
5, 7, 180311
What are the prime factors of 506805371?
47, 10783093
List the prime factors of 2258847261.
3, 11, 457, 49927
What are the prime factors of 39183641?
7, 5597663
What are the prime factors of 3358932616?
2, 13, 43, 751103
List the prime factors of 37882508.
2, 9470627
What are the prime factors of 44765242?
2, 103, 217307
List the prime factors of 60398823.
3, 20132941
What are the prime factors of 1554025207?
7, 5479, 40519
What are the prime factors of 9825849?
3, 11, 99251
List the prime factors of 4206883516.
2, 11, 9473, 10093
List the prime factors of 996340226.
2, 7, 89, 16319
List the prime factors of 70589828.
2, 29, 197, 3089
List the prime factors of 904561759.
53, 103, 165701
List the prime factors of 4111402999.
11, 373763909
What are the prime factors of 1326634081?
227, 5844203
List the prime factors of 71010708.
2, 3, 31, 190889
What are the prime factors of 16558074?
2, 3, 13, 103, 229
What are the prime factors of 7305657?
3, 43, 56633
What are the prime factors of 55873521?
3, 11, 71, 7949
What are the prime factors of 72657297?
3, 2691011
List the prime factors of 74563320.
2, 3, 5, 13, 47797
What are the prime factors of 315414453?
3, 105138151
What are the prime factors of 132418?
2, 11, 13, 463
List the prime factors of 589452986.
2, 294726493
List the prime factors of 4662445656.
2, 3, 11, 491, 35969
List the prime factors of 7219819010.
2, 5, 223, 601, 5387
What are the prime factors of 208205019?
3, 11, 433, 1619
List the prime factors of 233137822.
2, 103, 1131737
What are the prime factors of 424778213?
31, 2003, 6841
List the prime factors of 41981500.
2, 5, 11, 17, 449
What are the prime factors of 140130724?
2, 137, 255713
List the prime factors of 136029542.
2, 11, 6183161
What are the prime factors of 2185919728?
2, 9719, 14057
What are the prime factors of 105044585?
5, 31, 337, 2011
What are the prime factors of 1910563276?
2, 477640819
List the prime factors of 2881301443.
317, 9089279
List the prime factors of 2458898424.
2, 3, 31, 367219
List the prime factors of 739201302.
2, 3, 7, 651853
List the prime factors of 3563316566.
2, 1781658283
What are the prime factors of 35563842?
2, 3, 23, 85903
What are the prime factors of 486865938?
2, 3, 13, 6241871
List the prime factors of 93534182.
2, 7, 6681013
List the prime factors of 239924427.
3, 163, 490643
What are the prime factors of 555525750?
2, 3, 5, 13, 227, 251
List the prime factors of 4024934612.
2, 1006233653
What are the prime factors of 706909628?
2, 3433, 51479
List the prime factors of 115016790.
2, 3, 5, 7, 23, 23813
List the prime factors of 123203157.
3, 7, 11, 23, 23189
What are the prime factors of 1946775420?
2, 3, 5, 10815419
What are the prime factors of 334996323?
3, 31, 61, 59051
What are the prime factors of 779771525?
5, 13, 2399297
What are the prime factors of 230157905?
5, 46031581
What are the prime factors of 379075547?
13567, 27941
What are the prime factors of 3182874834?
2, 3, 530479139
What are the prime factors of 2698425498?
2, 3, 449737583
List the prime factors of 427181531.
7, 179, 340927
What are the prime factors of 5897642778?
2, 3, 8807, 12401
What are the prime factors of 14161751?
337, 42023
What are the prime factors of 345305706?
2, 3, 53, 1085867
List the prime factors of 1753618053.
3, 11, 19, 2796839
What are the prime factors of 5145297178?
2, 7, 379, 969713
List the prime factors of 182395806.
2, 3, 353, 86117
What are the prime factors of 2140755?
3, 5, 43, 3319
What are the prime factors of 185016791?
185016791
List the prime factors of 84581522.
2, 42290761
List the prime factors of 851928120.
2, 3, 5, 173, 13679
List the prime factors of 19386092.
2, 11, 149, 2957
List the prime factors of 117246909.
3, 13, 17, 89, 1987
List the prime factors of 39479400.
2, 3, 5, 2437
List the prime factors of 139246389.
3, 31, 137, 3643
What are the prime factors of 74664624?
2, 3, 23, 67631
List the prime factors of 259402015.
5, 43, 109, 11069
List the prime factors of 104807208.
2, 3, 11, 396997
List the prime factors of 46978531.
17, 2763443
List the prime factors of 168616901.
157, 191, 5623
What are the prime factors of 2808149832?
2, 3, 127, 307103
List the prime factors of 963674320.
2, 5, 7, 1720847
List the prime factors of 192751393.
4651, 41443
What are the prime factors of 4420598286?
2, 3, 13, 56674337
List the prime factors of 928502327.
928502327
What are the prime factors of 1276295674?
2, 638147837
List the prime factors of 158491763.
613, 258551
What are the prime factors of 3972382805?
5, 659, 1093, 1103
What are the prime factors of 84149760?
2, 3, 